
Calculate the remainder when 451 is divided by 149.
4
Calculate the remainder when 686 is divided by 172.
170
What is the remainder when 352 is divided by 143?
66
What is the remainder when 145 is divided by 11?
2
What is the remainder when 1959 is divided by 20?
19
What is the remainder when 1837 is divided by 95?
32
What is the remainder when 716 is divided by 180?
176
What is the remainder when 1473 is divided by 292?
13
What is the remainder when 486 is divided by 272?
214
Calculate the remainder when 207 is divided by 144.
63
What is the remainder when 215 is divided by 71?
2
Calculate the remainder when 307 is divided by 31.
28
Calculate the remainder when 384 is divided by 92.
16
What is the remainder when 48 is divided by 42?
6
What is the remainder when 82 is divided by 39?
4
What is the remainder when 424 is divided by 61?
58
What is the remainder when 332 is divided by 113?
106
What is the remainder when 851 is divided by 210?
11
Calculate the remainder when 53 is divided by 4.
1
Calculate the remainder when 1512 is divided by 22.
16
Calculate the remainder when 17727 is divided by 124.
119
Calculate the remainder when 1097 is divided by 9.
8
What is the remainder when 1133 is divided by 32?
13
Calculate the remainder when 75 is divided by 29.
17
What is the remainder when 165 is divided by 70?
25
Calculate the remainder when 1538 is divided by 77.
75
What is the remainder when 857 is divided by 182?
129
Calculate the remainder when 465 is divided by 13.
10
Calculate the remainder when 330 is divided by 153.
24
What is the remainder when 1282 is divided by 7?
1
Calculate the remainder when 249 is divided by 57.
21
What is the remainder when 257 is divided by 242?
15
What is the remainder when 231 is divided by 28?
7
Calculate the remainder when 4490 is divided by 1120.
10
Calculate the remainder when 69 is divided by 3.
0
Calculate the remainder when 1222 is divided by 68.
66
Calculate the remainder when 90 is divided by 24.
18
Calculate the remainder when 3285 is divided by 94.
89
What is the remainder when 466 is divided by 9?
7
What is the remainder when 1858 is divided by 31?
29
Calculate the remainder when 92 is divided by 29.
5
Calculate the remainder when 319 is divided by 80.
79
Calculate the remainder when 30239 is divided by 8.
7
What is the remainder when 347 is divided by 10?
7
What is the remainder when 2221 is divided by 39?
37
What is the remainder when 9839 is divided by 20?
19
What is the remainder when 340 is divided by 66?
10
What is the remainder when 533 is divided by 61?
45
What is the remainder when 248 is divided by 49?
3
Calculate the remainder when 483 is divided by 122.
117
Calculate the remainder when 2791 is divided by 111.
16
What is the remainder when 507 is divided by 102?
99
Calculate the remainder when 38 is divided by 24.
14
Calculate the remainder when 1495 is divided by 41.
19
Calculate the remainder when 59 is divided by 29.
1
Calculate the remainder when 538 is divided by 54.
52
What is the remainder when 1198 is divided by 283?
66
What is the remainder when 170 is divided by 25?
20
Calculate the remainder when 463 is divided by 222.
19
Calculate the remainder when 1310 is divided by 654.
2
What is the remainder when 6498 is divided by 1298?
8
Calculate the remainder when 382 is divided by 16.
14
Calculate the remainder when 463 is divided by 230.
3
Calculate the remainder when 186 is divided by 59.
9
What is the remainder when 324 is divided by 173?
151
What is the remainder when 163 is divided by 49?
16
Calculate the remainder when 598 is divided by 60.
58
Calculate the remainder when 33 is divided by 21.
12
Calculate the remainder when 56 is divided by 13.
4
What is the remainder when 421 is divided by 22?
3
Calculate the remainder when 67 is divided by 17.
16
What is the remainder when 1809 is divided by 18?
9
What is the remainder when 161 is divided by 22?
7
What is the remainder when 298 is divided by 12?
10
Calculate the remainder when 321 is divided by 82.
75
Calculate the remainder when 855 is divided by 101.
47
What is the remainder when 412 is divided by 23?
21
Calculate the remainder when 430 is divided by 4.
2
Calculate the remainder when 892 is divided by 24.
4
What is the remainder when 13362 is divided by 7?
6
Calculate the remainder when 33 is divided by 15.
3
What is the remainder when 3797 is divided by 29?
27
What is the remainder when 546 is divided by 35?
21
What is the remainder when 868 is divided by 15?
13
Calculate the remainder when 1030 is divided by 86.
84
Calculate the remainder when 151 is divided by 103.
48
What is the remainder when 157 is divided by 41?
34
What is the remainder when 1215 is divided by 236?
35
What is the remainder when 74 is divided by 37?
0
What is the remainder when 135 is divided by 14?
9
Calculate the remainder when 137 is divided by 21.
11
What is the remainder when 169 is divided by 90?
79
Calculate the remainder when 46 is divided by 39.
7
What is the remainder when 1847 is divided by 42?
41
What is the remainder when 113 is divided by 108?
5
What is the remainder when 276 is divided by 264?
12
Calculate the remainder when 494 is divided by 202.
90
Calculate the remainder when 62 is divided by 2.
0
What is the remainder when 1144 is divided by 37?
34
Calculate the remainder when 390 is divided by 379.
11
Calculate the remainder when 93 is divided by 19.
17
What is the remainder when 71 is divided by 6?
5
What is the remainder when 60 is divided by 13?
8
Calculate the remainder when 872 is divided by 284.
20
What is the remainder when 75 is divided by 2?
1
Calculate the remainder when 56 is divided by 32.
24
Calculate the remainder when 88 is divided by 30.
28
Calculate the remainder when 250 is divided by 16.
10
What is the remainder when 1528 is divided by 380?
8
What is the remainder when 1237 is divided by 94?
15
Calculate the remainder when 309 is divided by 26.
23
What is the remainder when 171 is divided by 44?
39
What is the remainder when 431 is divided by 106?
7
What is the remainder when 472 is divided by 148?
28
Calculate the remainder when 207 is divided by 30.
27
Calculate the remainder when 3036 is divided by 117.
111
What is the remainder when 1088 is divided by 156?
152
What is the remainder when 2365 is divided by 91?
90
Calculate the remainder when 370 is divided by 17.
13
What is the remainder when 18 is divided by 13?
5
What is the remainder when 4857 is divided by 270?
267
What is the remainder when 88 is divided by 28?
4
What is the remainder when 448 is divided by 91?
84
Calculate the remainder when 14 is divided by 11.
3
Calculate the remainder when 237 is divided by 8.
5
Calculate the remainder when 2755 is divided by 152.
19
What is the remainder when 138 is divided by 20?
18
Calculate the remainder when 255 is divided by 209.
46
What is the remainder when 860 is divided by 93?
23
Calculate the remainder when 195 is divided by 19.
5
What is the remainder when 67 is divided by 41?
26
Calculate the remainder when 307 is divided by 5.
2
Calculate the remainder when 231 is divided by 6.
3
What is the remainder when 50 is divided by 38?
12
What is the remainder when 89 is divided by 1?
0
What is the remainder when 976 is divided by 190?
26
Calculate the remainder when 3123 is divided by 44.
43
What is the remainder when 1977 is divided by 36?
33
What is the remainder when 192 is divided by 96?
0
Calculate the remainder when 80 is divided by 14.
10
What is the remainder when 100 is divided by 35?
30
What is the remainder when 669 is divided by 159?
33
What is the remainder when 389 is divided by 64?
5
Calculate the remainder when 2231 is divided by 15.
11
What is the remainder when 136 is divided by 5?
1
Calculate the remainder when 124 is divided by 42.
40
What is the remainder when 872 is divided by 221?
209
Calculate the remainder when 537 is divided by 7.
5
Calculate the remainder when 2805 is divided by 18.
15
Calculate the remainder when 9 is divided by 6.
3
What is the remainder when 3637 is divided by 906?
13
What is the remainder when 922 is divided by 54?
4
Calculate the remainder when 1997 is divided by 74.
73
Calculate the remainder when 237 is divided by 6.
3
What is the remainder when 718 is divid